digit of 138270057?
5
What is the ten millions digit of 10934612?
1
What is the tens digit of 794180799?
9
What is the millions digit of 248720068?
8
What is the ten millions digit of 403140155?
0
What is the ten millions digit of 160233507?
6
What is the hundred thousands digit of 531998719?
9
What is the tens digit of 728871691?
9
What is the ten millions digit of 75230542?
7
What is the hundreds digit of 6885858883?
8
What is the tens digit of 43299469?
6
What is the ten millions digit of 8183545562?
8
What is the millions digit of 2165973099?
5
What is the ten thousands digit of 588408?
8
What is the thousands digit of 3267704544?
4
What is the units digit of 3370984633?
3
What is the ten thousands digit of 94521204?
2
What is the tens digit of 5369979402?
0
What is the tens digit of 1883963377?
7
What is the thousands digit of 1707463814?
3
What is the millions digit of 244358083?
4
What is the millions digit of 734605445?
4
What is the millions digit of 181907019?
1
What is the units digit of 3116154918?
8
What is the hundred millions digit of 1044424712?
0
What is the ten millions digit of 1255594974?
5
What is the hundreds digit of 1196354246?
2
What is the hundred thousands digit of 822025246?
0
What is the hundreds digit of 654479318?
3
What is the thousands digit of 1025152313?
2
What is the units digit of 759453275?
5
What is the hundreds digit of 2057284770?
7
What is the hundred millions digit of 710810920?
7
What is the units digit of 2334240833?
3
What is the ten thousands digit of 84023095?
2
What is the ten thousands digit of 5391378?
9
What is the thousands digit of 1926741723?
1
What is the units digit of 69925498?
8
What is the thousands digit of 873345047?
5
What is the millions digit of 11438708?
1
What is the millions digit of 172169723?
2
What is the units digit of 490611699?
9
What is the thousands digit of 1235984658?
4
What is the hundred thousands digit of 475221067?
2
What is the thousands digit of 44041820?
1
What is the units digit of 66163141?
1
What is the units digit of 291186369?
9
What is the ten thousands digit of 116705663?
0
What is the hundred thousands digit of 1787863515?
8
What is the units digit of 653803598?
8
What is the tens digit of 39600234?
3
What is the millions digit of 28006821?
8
What is the units digit of 238331736?
6
What is the units digit of 415879850?
0
What is the ten thousands digit of 236794286?
9
What is the thousands digit of 3223932206?
2
What is the units digit of 290823522?
2
What is the ten thousands digit of 89071606?
7
What is the hundred millions digit of 444187613?
4
What is the tens digit of 2166109476?
7
What is the hundred thousands digit of 6038671422?
6
What is the ten thousands digit of 81501325?
0
What is the units digit of 1848625748?
8
What is the millions digit of 2490563673?
0
What is the billions digit of 2053459214?
2
What is the hundreds digit of 107353020?
0
What is the billions digit of 6198769449?
6
What is the millions digit of 53232504?
3
What is the hundreds digit of 132688474?
4
What is the ten millions digit of 974113055?
7
What is the tens digit of 2798769?
6
What is the thousands digit of 51399723?
9
What is the hundreds digit of 77833781?
7
What is the hundred millions digit of 284549149?
2
What is the millions digit of 1794556735?
4
What is the thousands digit of 206309782?
9
What is the thousands digit of 15866944?
6
What is the millions digit of 1293338434?
3
What is the ten thousands digit of 728795852?
9
What is the tens digit of 1700552572?
7
What is the ten millions digit of 1874357140?
7
What is the ten millions digit of 65879894?
6
What is the ten thousands digit of 1849467?
4
What is the hundred thousands digit of 4910726465?
7
What is the hundred millions digit of 379250206?
3
What is the hundred millions digit of 890083338?
8
What is the hundred thousands digit of 179108632?
1
What is the tens digit of 113746751?
5
What is the hundred thousands digit of 524748524?
7
What is the tens digit of 64844186?
8
What is the units digit of 28890444?
4
What is the hundred thousands digit of 345317594?
3
What is the tens digit of 526161858?
5
What is the units digit of 3700271647?
7
What is the ten thousands digit of 258492074?
9
What is the ten thousands digit of 1136032008?
3
What is the hundred millions digit of 4481426031?
4
What is the ten thousands digit of 92221318?
2
What is the thousands digit of 3811105888?
5
What is the hundred millions digit of 902093656?
9
What is the hundreds digit of 2038157843?
8
What is the units digit of 84920624?
4
What is the ten thousands digit of 25194457?
9
What is the tens digit of 326059745?
4
What is the tens digit of 3215812209?
0
What is the tens digit of 258496128?
2
What is the hundreds digit of 275901131?
1
What is the hundreds digit of 490598619?
6
What is the units digit of 39431188?
8
What is the ten millions digit of 55341285?
5
What is the thousands digit of 1599094768?
4
What is the thousands digit of 523693489?
3
What is the hundreds digit of 652601744?
7
What is the millions digit of 32892614?
2
What is the ten millions digit of 26032326?
2
What is the ten thousands digit of 35005191?
0
What is the hundred thousands digit of 1081672149?
6
What is the millions digit of 1254004765?
4
What is the units digit of 1585930245?
5
What is the ten thousands digit of 32566923?
6
What is the hundred thousands digit of 53876069?
8
What is the tens digit of 1592944474?
7
What is the thousands digit of 513583435?
3
What is the millions digit of 236598264?
6
What is the millions digit of 283507119?
3
What is the tens digit of 994042965?
6
What is the tens digit of 3866455719?
1
What is the tens digit of 48554532?
3
What is the thousands digit of 2901040932?
0
What is the ten millions digit of 49445978?
4
What is the millions digit of 100413888?
0
What is the hundred millions digit of 125356640?
1
What is the ten millions digit of 32444178?
3
What is the thousands digit of 21264138?
4
What is the billions digit of 1562400276?
1
What is the hundred millions digit of 583361293?
5
What is the billions digit of 2145418154?
2
What is the ten millions digit of 2296365368?
9
What is the millions digit of 30187523?
0
What is the tens digit of 3512368920?
2
What is the units digit of 67282765?
5
What is the thousands digit of 794204872?
4
What is the hundred thousands digit of 3287809657?
8
What is the ten thousands digit of 138795551?
9
What is the ten thousands digit of 2217189125?
8
What is the ten millions digit of 483777786?
8
What is the millions digit of 355399361?
5
What is the tens digit of 4698737818?
1
What is the millions digit of 33654720?
3
What is the units digit of 3560758?
8
What is the tens digit of 497322871?
7
What is the thousands digit of 26582094?
2
What is the millions digit of 2307956873?
7
What is the millions digit of 668094453?
8
What is the ten thousands digit of 50560992?
6
What is the hundreds digit of 268567029?
0
What is the ten thousands digit of 7834172?
3
What is the tens digit of 1100047341?
4
What is the tens digit of 15620225?
2
What is the hundred thousands digit of 65545414?
5
What is the hundreds digit of 16897230?
2
What is the ten thousands digit of 286652636?
5
What is the units digit of 644041985?
5
What is the hundreds digit of 400226602?
6
What is the ten millions digit of 768516652?
6
What is the thousands digit of 263565055?
5
What is the ten millions digit of 115371058?
1
What is the millions digit of 335010361?
5
What is the units digit of 163123514?
4
What is the hundred millions digit of 461461640?
4
What is the hundred millions digit of 119345164?
1
What is the hundreds digit of 69869184?
1
What is the ten thousands digit of 605074471?
7
What is the hundred thousands digit of 24871817?
8
What is the ten millions digit of 58268702?
5
What is the millions digit of 77541618?
7
What is the billions digit of 2618210614?
2
What is the tens digit of 776441052?
5
What is the tens digit of 524673711?
1
What is the hundred millions digit of 106898785?
1
What is the units digit of 745029641?
1
What is the hundreds digit of 1659209260?
2
What is the millions digit of 162936510?
2
What is the thousands digit of 15589321?
9
What is the hundred millions digit of 6705535641?